{"id":491,"date":"2024-10-11T14:01:20","date_gmt":"2024-10-11T17:01:20","guid":{"rendered":"https:\/\/ip.ufal.br\/observio\/?page_id=491"},"modified":"2024-11-12T14:55:24","modified_gmt":"2024-11-12T17:55:24","slug":"panorama-da-violencia-em-alagoas","status":"publish","type":"page","link":"https:\/\/ip.ufal.br\/observio\/panorama-da-violencia-em-alagoas\/","title":{"rendered":"Panorama da Viol\u00eancia em Alagoas"},"content":{"rendered":"\t\t<div data-elementor-type=\"wp-page\" data-elementor-id=\"491\" class=\"elementor elementor-491\" data-elementor-post-type=\"page\">\n\t\t\t\t<div class=\"elementor-element elementor-element-cdbbe00 e-flex e-con-boxed e-con e-parent\" data-id=\"cdbbe00\" data-element_type=\"container\" data-e-type=\"container\" data-settings=\"{&quot;background_background&quot;:&quot;classic&quot;}\">\n\t\t\t\t\t<div class=\"e-con-inner\">\n\t\t\t\t<div class=\"elementor-element elementor-element-2a9feff elementor-widget elementor-widget-heading\" data-id=\"2a9feff\" data-element_type=\"widget\" data-e-type=\"widget\" data-widget_type=\"heading.default\">\n\t\t\t\t<div class=\"elementor-widget-container\">\n\t\t\t\t\t<h2 class=\"elementor-heading-title elementor-size-default\">Panorama da viol\u00eancia contra crian\u00e7as e adolescentes de Alagoas<\/h2>\t\t\t\t<\/div>\n\t\t\t\t<\/div>\n\t\t\t\t<div class=\"elementor-element elementor-element-6841035 elementor-hidden-tablet elementor-hidden-mobile elementor-widget elementor-widget-html\" data-id=\"6841035\" data-element_type=\"widget\" data-e-type=\"widget\" data-widget_type=\"html.default\">\n\t\t\t\t<div class=\"elementor-widget-container\">\n\t\t\t\t\t<iframe width=\"1140\" height=\"2411\" src=\"https:\/\/lookerstudio.google.com\/embed\/reporting\/b8128dd6-5e59-4ed5-8635-0d05c3780a78\/page\/mtBFE\" frameborder=\"0\" style=\"border:0\" allowfullscreen sandbox=\"allow-storage-access-by-user-activation allow-scripts allow-same-origin allow-popups allow-popups-to-escape-sandbox\"><\/iframe>\t\t\t\t<\/div>\n\t\t\t\t<\/div>\n\t\t\t\t<div class=\"elementor-element elementor-element-55aa0bb elementor-hidden-desktop elementor-widget elementor-widget-html\" data-id=\"55aa0bb\" data-element_type=\"widget\" data-e-type=\"widget\" data-widget_type=\"html.default\">\n\t\t\t\t<div class=\"elementor-widget-container\">\n\t\t\t\t\t<iframe width=\"300\" height=\"800\" src=\"https:\/\/lookerstudio.google.com\/embed\/reporting\/7887c0cf-e07f-4ddf-aaaa-537022021284\/page\/mtBFE\" frameborder=\"0\" style=\"border:0\" allowfullscreen sandbox=\"allow-storage-access-by-user-activation allow-scripts allow-same-origin allow-popups allow-popups-to-escape-sandbox\"><\/iframe>\t\t\t\t<\/div>\n\t\t\t\t<\/div>\n\t\t<div class=\"elementor-element elementor-element-1c4c0b9 e-con-full e-flex e-con e-child\" data-id=\"1c4c0b9\" data-element_type=\"container\" data-e-type=\"container\" data-settings=\"{&quot;background_background&quot;:&quot;classic&quot;}\">\n\t\t\t\t<div class=\"elementor-element elementor-element-d89b957 elementor-widget elementor-widget-n-accordion\" data-id=\"d89b957\" data-element_type=\"widget\" data-e-type=\"widget\" data-settings=\"{&quot;default_state&quot;:&quot;all_collapsed&quot;,&quot;max_items_expended&quot;:&quot;one&quot;,&quot;n_accordion_animation_duration&quot;:{&quot;unit&quot;:&quot;ms&quot;,&quot;size&quot;:400,&quot;sizes&quot;:[]}}\" data-widget_type=\"nested-accordion.default\">\n\t\t\t\t<div class=\"elementor-widget-container\">\n\t\t\t\t\t\t\t<div class=\"e-n-accordion\" aria-label=\"Accordion. Open links with Enter or Space, close with Escape, and navigate with Arrow Keys\">\n\t\t\t\t\t\t<details id=\"e-n-accordion-item-2270\" class=\"e-n-accordion-item\" >\n\t\t\t\t<summary class=\"e-n-accordion-item-title\" data-accordion-index=\"1\" tabindex=\"0\" aria-expanded=\"false\" aria-controls=\"e-n-accordion-item-2270\" >\n\t\t\t\t\t<span class='e-n-accordion-item-title-header'><div class=\"e-n-accordion-item-title-text\"> Fonte de dados <\/div><\/span>\n\t\t\t\t\t\t\t<span class='e-n-accordion-item-title-icon'>\n\t\t\t<span class='e-opened' ><i aria-hidden=\"true\" class=\"fas fa-minus\"><\/i><\/span>\n\t\t\t<span class='e-closed'><i aria-hidden=\"true\" class=\"fas fa-plus\"><\/i><\/span>\n\t\t<\/span>\n\n\t\t\t\t\t\t<\/summary>\n\t\t\t\t<div role=\"region\" aria-labelledby=\"e-n-accordion-item-2270\" class=\"elementor-element elementor-element-b11890b e-con-full e-flex e-con e-child\" data-id=\"b11890b\" data-element_type=\"container\" data-e-type=\"container\">\n\t\t\t\t<div class=\"elementor-element elementor-element-a550f4a elementor-widget elementor-widget-text-editor\" data-id=\"a550f4a\" data-element_type=\"widget\" data-e-type=\"widget\" data-widget_type=\"text-editor.default\">\n\t\t\t\t<div class=\"elementor-widget-container\">\n\t\t\t\t\t\t\t\t\t<p><b>Dados analisados:<\/b><b><\/b><\/p><ul><li><strong>UF<\/strong>: Alagoas<\/li><li><strong>Faixa et\u00e1ria<\/strong>: 0 a 19 anos<\/li><li><strong>Per\u00edodo<\/strong>: 2009 a 2023<\/li><\/ul><p><strong><br \/>Fonte:<\/strong> Minist\u00e9rio da Sa\u00fade\/SVS &#8211; Sistema de Informa\u00e7\u00e3o de Agravos de Notifica\u00e7\u00e3o &#8211; Sinan Net<\/p>\t\t\t\t\t\t\t\t<\/div>\n\t\t\t\t<\/div>\n\t\t\t\t<\/div>\n\t\t\t\t\t<\/details>\n\t\t\t\t\t\t<details id=\"e-n-accordion-item-2271\" class=\"e-n-accordion-item\" >\n\t\t\t\t<summary class=\"e-n-accordion-item-title\" data-accordion-index=\"2\" tabindex=\"-1\" aria-expanded=\"false\" aria-controls=\"e-n-accordion-item-2271\" >\n\t\t\t\t\t<span class='e-n-accordion-item-title-header'><div class=\"e-n-accordion-item-title-text\"> Informa\u00e7\u00f5es adicionais <\/div><\/span>\n\t\t\t\t\t\t\t<span class='e-n-accordion-item-title-icon'>\n\t\t\t<span class='e-opened' ><i aria-hidden=\"true\" class=\"fas fa-minus\"><\/i><\/span>\n\t\t\t<span class='e-closed'><i aria-hidden=\"true\" class=\"fas fa-plus\"><\/i><\/span>\n\t\t<\/span>\n\n\t\t\t\t\t\t<\/summary>\n\t\t\t\t<div role=\"region\" aria-labelledby=\"e-n-accordion-item-2271\" class=\"elementor-element elementor-element-d8d012c e-flex e-con-boxed e-con e-child\" data-id=\"d8d012c\" data-element_type=\"container\" data-e-type=\"container\">\n\t\t\t\t\t<div class=\"e-con-inner\">\n\t\t\t\t<div class=\"elementor-element elementor-element-038df00 elementor-widget elementor-widget-text-editor\" data-id=\"038df00\" data-element_type=\"widget\" data-e-type=\"widget\" data-widget_type=\"text-editor.default\">\n\t\t\t\t<div class=\"elementor-widget-container\">\n\t\t\t\t\t\t\t\t\t<p><strong>Rela\u00e7\u00e3o com o autor<\/strong><\/p><p>Para o agrupamento dos dados apresentados no gr\u00e1fico de rela\u00e7\u00e3o com o autor, foram considerados as seguintes informa\u00e7\u00f5es:<\/p>\t\t\t\t\t\t\t\t<\/div>\n\t\t\t\t<\/div>\n\t\t<div role=\"region\" aria-labelledby=\"e-n-accordion-item-2271\" class=\"elementor-element elementor-element-156d47b e-grid e-con-full e-con e-child\" data-id=\"156d47b\" data-element_type=\"container\" data-e-type=\"container\">\n\t\t\t\t<div class=\"elementor-element elementor-element-eed9a28 elementor-widget elementor-widget-text-editor\" data-id=\"eed9a28\" data-element_type=\"widget\" data-e-type=\"widget\" data-widget_type=\"text-editor.default\">\n\t\t\t\t<div class=\"elementor-widget-container\">\n\t\t\t\t\t\t\t\t\t<ul><li><strong>Intrafamiliar<\/strong><ul><li>Pai<\/li><li>M\u00e3e<\/li><li>Padastro<\/li><li>Madrastra<\/li><li>C\u00f4njuge<\/li><li>Ex-C\u00f4njuge<\/li><li>Namorado(a)<\/li><li>Ex-Namorado(a)<\/li><li>Filho(a)<\/li><li>Irm\u00e3o(\u00e3)<\/li><li>Pr\u00f3pria pessoa<\/li><\/ul><\/li><\/ul>\t\t\t\t\t\t\t\t<\/div>\n\t\t\t\t<\/div>\n\t\t\t\t<div class=\"elementor-element elementor-element-9a3ee0c elementor-widget elementor-widget-text-editor\" data-id=\"9a3ee0c\" data-element_type=\"widget\" data-e-type=\"widget\" data-widget_type=\"text-editor.default\">\n\t\t\t\t<div class=\"elementor-widget-container\">\n\t\t\t\t\t\t\t\t\t<ul>\n<li><strong>Comunit\u00e1ria<\/strong>\n<ul>\n<li>Amigos\/conhecidos<\/li>\n<li>Desconhecido(a)<\/li>\n<li>Cuidador(a)<\/li>\n<li>Patr\u00e3o\/chefe<\/li>\n<li>Pessoa com rela\u00e7\u00e3o institucional<\/li>\n<li>Policial\/agente da lei<\/li>\n<li>Outros<\/li>\n<\/ul>\n<\/li>\n<\/ul>\t\t\t\t\t\t\t\t<\/div>\n\t\t\t\t<\/div>\n\t\t\t\t<\/div>\n\t\t\t\t<div class=\"elementor-element elementor-element-74a9ceb elementor-widget-divider--view-line elementor-widget elementor-widget-divider\" data-id=\"74a9ceb\" data-element_type=\"widget\" data-e-type=\"widget\" data-widget_type=\"divider.default\">\n\t\t\t\t<div class=\"elementor-widget-container\">\n\t\t\t\t\t\t\t<div class=\"elementor-divider\">\n\t\t\t<span class=\"elementor-divider-separator\">\n\t\t\t\t\t\t<\/span>\n\t\t<\/div>\n\t\t\t\t\t\t<\/div>\n\t\t\t\t<\/div>\n\t\t\t\t<div class=\"elementor-element elementor-element-86a207b elementor-widget elementor-widget-text-editor\" data-id=\"86a207b\" data-element_type=\"widget\" data-e-type=\"widget\" data-widget_type=\"text-editor.default\">\n\t\t\t\t<div class=\"elementor-widget-container\">\n\t\t\t\t\t\t\t\t\t<p><strong>Quem \u00e9 o autor<\/strong><\/p><p>Para o agrupamento dos dados apresentados no gr\u00e1fico de quem \u00e9 o autor, foram considerados as seguintes informa\u00e7\u00f5es:<\/p><ul><li><strong>Crian\u00e7a<\/strong>: 0 a 9 anos<\/li><li><strong>Adolescente<\/strong>: 10 a 19 anos<\/li><li><strong>Jovem<\/strong>: 20 a 24 anos<\/li><li><strong>Pessoa adulta<\/strong>: 25 a 59 anos<\/li><li><strong>Pessoa idosa<\/strong>: 60 anos ou mais<\/li><\/ul>\t\t\t\t\t\t\t\t<\/div>\n\t\t\t\t<\/div>\n\t\t\t\t\t<\/div>\n\t\t\t\t<\/div>\n\t\t\t\t\t<\/details>\n\t\t\t\t\t<\/div>\n\t\t\t\t\t\t<\/div>\n\t\t\t\t<\/div>\n\t\t\t\t<\/div>\n\t\t\t\t\t<\/div>\n\t\t\t\t<\/div>\n\t\t\t\t<\/div>\n\t\t","protected":false},"excerpt":{"rendered":"<p>Panorama da viol\u00eancia contra crian\u00e7as e adolescentes de Alagoas Fonte de dados Dados analisados: UF: Alagoas Faixa et\u00e1ria: 0 a 19 anos Per\u00edodo: 2009 a 2023 Fonte: Minist\u00e9rio da Sa\u00fade\/SVS &#8211; Sistema de Informa\u00e7\u00e3o de Agravos de Notifica\u00e7\u00e3o &#8211; Sinan Net Informa\u00e7\u00f5es adicionais Rela\u00e7\u00e3o com o autor Para o agrupamento dos dados apresentados no gr\u00e1fico [&hellip;]<\/p>\n","protected":false},"author":3,"featured_media":0,"parent":0,"menu_order":0,"comment_status":"closed","ping_status":"closed","template":"elementor_header_footer","meta":{"footnotes":""},"class_list":["post-491","page","type-page","status-publish","hentry"],"_links":{"self":[{"href":"https:\/\/ip.ufal.br\/observio\/wp-json\/wp\/v2\/pages\/491","targetHints":{"allow":["GET"]}}],"collection":[{"href":"https:\/\/ip.ufal.br\/observio\/wp-json\/wp\/v2\/pages"}],"about":[{"href":"https:\/\/ip.ufal.br\/observio\/wp-json\/wp\/v2\/types\/page"}],"author":[{"embeddable":true,"href":"https:\/\/ip.ufal.br\/observio\/wp-json\/wp\/v2\/users\/3"}],"replies":[{"embeddable":true,"href":"https:\/\/ip.ufal.br\/observio\/wp-json\/wp\/v2\/comments?post=491"}],"version-history":[{"count":80,"href":"https:\/\/ip.ufal.br\/observio\/wp-json\/wp\/v2\/pages\/491\/revisions"}],"predecessor-version":[{"id":593,"href":"https:\/\/ip.ufal.br\/observio\/wp-json\/wp\/v2\/pages\/491\/revisions\/593"}],"wp:attachment":[{"href":"https:\/\/ip.ufal.br\/observio\/wp-json\/wp\/v2\/media?parent=491"}],"curies":[{"name":"wp","href":"https:\/\/api.w.org\/{rel}","templated":true}]}}