{"id":117,"date":"2023-05-09T21:46:08","date_gmt":"2023-05-09T21:46:08","guid":{"rendered":"https:\/\/ip.ufal.br\/observio\/?page_id=117"},"modified":"2024-10-11T10:21:42","modified_gmt":"2024-10-11T13:21:42","slug":"eventos","status":"publish","type":"page","link":"https:\/\/ip.ufal.br\/observio\/eventos\/","title":{"rendered":"Eventos"},"content":{"rendered":"\t\t<div data-elementor-type=\"wp-page\" data-elementor-id=\"117\" class=\"elementor elementor-117\" data-elementor-post-type=\"page\">\n\t\t\t\t<div class=\"elementor-element elementor-element-3904346 e-flex e-con-boxed e-con e-parent\" data-id=\"3904346\" data-element_type=\"container\" data-e-type=\"container\">\n\t\t\t\t\t<div class=\"e-con-inner\">\n\t\t\t\t<div class=\"elementor-element elementor-element-92c1104 elementor-widget elementor-widget-heading\" data-id=\"92c1104\" data-element_type=\"widget\" data-e-type=\"widget\" data-widget_type=\"heading.default\">\n\t\t\t\t<div class=\"elementor-widget-container\">\n\t\t\t\t\t<h2 class=\"elementor-heading-title elementor-size-default\">Eventos<\/h2>\t\t\t\t<\/div>\n\t\t\t\t<\/div>\n\t\t<div class=\"elementor-element elementor-element-47a2c14 e-grid e-con-full e-con e-child\" data-id=\"47a2c14\" data-element_type=\"container\" data-e-type=\"container\">\n\t\t\t\t<div class=\"elementor-element elementor-element-168b63a elementor-widget elementor-widget-image\" data-id=\"168b63a\" data-element_type=\"widget\" data-e-type=\"widget\" data-widget_type=\"image.default\">\n\t\t\t\t<div class=\"elementor-widget-container\">\n\t\t\t\t\t\t\t\t\t\t\t\t\t\t\t\t<a href=\"https:\/\/ip.ufal.br\/observio\/wp-content\/uploads\/2023\/05\/img7.jpg\" data-elementor-open-lightbox=\"yes\" data-elementor-lightbox-title=\"Oficinas Tem\u00e1ticas\" data-e-action-hash=\"#elementor-action%3Aaction%3Dlightbox%26settings%3DeyJpZCI6MTc1LCJ1cmwiOiJodHRwczpcL1wvaXAudWZhbC5iclwvb2JzZXJ2aW9cL3dwLWNvbnRlbnRcL3VwbG9hZHNcLzIwMjNcLzA1XC9pbWc3LmpwZyJ9\">\n\t\t\t\t\t\t\t<img fetchpriority=\"high\" decoding=\"async\" width=\"717\" height=\"1024\" src=\"https:\/\/ip.ufal.br\/observio\/wp-content\/uploads\/2023\/05\/img7-717x1024.jpg\" class=\"elementor-animation-grow attachment-large size-large wp-image-175\" alt=\"\" srcset=\"https:\/\/ip.ufal.br\/observio\/wp-content\/uploads\/2023\/05\/img7-717x1024.jpg 717w, https:\/\/ip.ufal.br\/observio\/wp-content\/uploads\/2023\/05\/img7-210x300.jpg 210w, https:\/\/ip.ufal.br\/observio\/wp-content\/uploads\/2023\/05\/img7-768x1097.jpg 768w, https:\/\/ip.ufal.br\/observio\/wp-content\/uploads\/2023\/05\/img7.jpg 896w\" sizes=\"(max-width: 717px) 100vw, 717px\" \/>\t\t\t\t\t\t\t\t<\/a>\n\t\t\t\t\t\t\t\t\t\t\t\t\t\t\t<\/div>\n\t\t\t\t<\/div>\n\t\t\t\t<div class=\"elementor-element elementor-element-c464576 elementor-widget elementor-widget-image\" data-id=\"c464576\" data-element_type=\"widget\" data-e-type=\"widget\" data-widget_type=\"image.default\">\n\t\t\t\t<div class=\"elementor-widget-container\">\n\t\t\t\t\t\t\t\t\t\t\t\t\t\t\t\t<a href=\"https:\/\/ip.ufal.br\/observio\/wp-content\/uploads\/2023\/05\/1IMA.png\" data-elementor-open-lightbox=\"yes\" data-elementor-lightbox-title=\"1\u00b0 Semin\u00e1rio de Acompanhamento e Avalia\u00e7\u00e3o do Projeto\" data-e-action-hash=\"#elementor-action%3Aaction%3Dlightbox%26settings%3DeyJpZCI6MTc4LCJ1cmwiOiJodHRwczpcL1wvaXAudWZhbC5iclwvb2JzZXJ2aW9cL3dwLWNvbnRlbnRcL3VwbG9hZHNcLzIwMjNcLzA1XC8xSU1BLnBuZyJ9\">\n\t\t\t\t\t\t\t<img decoding=\"async\" width=\"723\" height=\"1024\" src=\"https:\/\/ip.ufal.br\/observio\/wp-content\/uploads\/2023\/05\/1IMA-723x1024.png\" class=\"elementor-animation-grow attachment-large size-large wp-image-178\" alt=\"\" srcset=\"https:\/\/ip.ufal.br\/observio\/wp-content\/uploads\/2023\/05\/1IMA-723x1024.png 723w, https:\/\/ip.ufal.br\/observio\/wp-content\/uploads\/2023\/05\/1IMA-212x300.png 212w, https:\/\/ip.ufal.br\/observio\/wp-content\/uploads\/2023\/05\/1IMA-768x1087.png 768w, https:\/\/ip.ufal.br\/observio\/wp-content\/uploads\/2023\/05\/1IMA-1085x1536.png 1085w, https:\/\/ip.ufal.br\/observio\/wp-content\/uploads\/2023\/05\/1IMA-1447x2048.png 1447w\" sizes=\"(max-width: 723px) 100vw, 723px\" \/>\t\t\t\t\t\t\t\t<\/a>\n\t\t\t\t\t\t\t\t\t\t\t\t\t\t\t<\/div>\n\t\t\t\t<\/div>\n\t\t\t\t<div class=\"elementor-element elementor-element-b4b0a89 elementor-widget elementor-widget-image\" data-id=\"b4b0a89\" data-element_type=\"widget\" data-e-type=\"widget\" data-widget_type=\"image.default\">\n\t\t\t\t<div class=\"elementor-widget-container\">\n\t\t\t\t\t\t\t\t\t\t\t\t\t\t\t\t<a href=\"https:\/\/ip.ufal.br\/observio\/wp-content\/uploads\/2023\/05\/2IMAG.png\" data-elementor-open-lightbox=\"yes\" data-elementor-lightbox-title=\"Programa\u00e7\u00e3o do 1\u00b0 Semin\u00e1rio de Acompanhamento e Avalia\u00e7\u00e3o do Projeto\" data-e-action-hash=\"#elementor-action%3Aaction%3Dlightbox%26settings%3DeyJpZCI6MTc3LCJ1cmwiOiJodHRwczpcL1wvaXAudWZhbC5iclwvb2JzZXJ2aW9cL3dwLWNvbnRlbnRcL3VwbG9hZHNcLzIwMjNcLzA1XC8ySU1BRy5wbmcifQ%3D%3D\">\n\t\t\t\t\t\t\t<img decoding=\"async\" width=\"724\" height=\"1024\" src=\"https:\/\/ip.ufal.br\/observio\/wp-content\/uploads\/2023\/05\/2IMAG-724x1024.png\" class=\"elementor-animation-grow attachment-large size-large wp-image-177\" alt=\"\" srcset=\"https:\/\/ip.ufal.br\/observio\/wp-content\/uploads\/2023\/05\/2IMAG-724x1024.png 724w, https:\/\/ip.ufal.br\/observio\/wp-content\/uploads\/2023\/05\/2IMAG-212x300.png 212w, https:\/\/ip.ufal.br\/observio\/wp-content\/uploads\/2023\/05\/2IMAG-768x1086.png 768w, https:\/\/ip.ufal.br\/observio\/wp-content\/uploads\/2023\/05\/2IMAG-1086x1536.png 1086w, https:\/\/ip.ufal.br\/observio\/wp-content\/uploads\/2023\/05\/2IMAG-1448x2048.png 1448w\" sizes=\"(max-width: 724px) 100vw, 724px\" \/>\t\t\t\t\t\t\t\t<\/a>\n\t\t\t\t\t\t\t\t\t\t\t\t\t\t\t<\/div>\n\t\t\t\t<\/div>\n\t\t\t\t<\/div>\n\t\t\t\t\t<\/div>\n\t\t\t\t<\/div>\n\t\t\t\t<\/div>\n\t\t","protected":false},"excerpt":{"rendered":"<p>Eventos<\/p>\n","protected":false},"author":1,"featured_media":0,"parent":0,"menu_order":0,"comment_status":"closed","ping_status":"closed","template":"","meta":{"footnotes":""},"class_list":["post-117","page","type-page","status-publish","hentry"],"_links":{"self":[{"href":"https:\/\/ip.ufal.br\/observio\/wp-json\/wp\/v2\/pages\/117","targetHints":{"allow":["GET"]}}],"collection":[{"href":"https:\/\/ip.ufal.br\/observio\/wp-json\/wp\/v2\/pages"}],"about":[{"href":"https:\/\/ip.ufal.br\/observio\/wp-json\/wp\/v2\/types\/page"}],"author":[{"embeddable":true,"href":"https:\/\/ip.ufal.br\/observio\/wp-json\/wp\/v2\/users\/1"}],"replies":[{"embeddable":true,"href":"https:\/\/ip.ufal.br\/observio\/wp-json\/wp\/v2\/comments?post=117"}],"version-history":[{"count":35,"href":"https:\/\/ip.ufal.br\/observio\/wp-json\/wp\/v2\/pages\/117\/revisions"}],"predecessor-version":[{"id":475,"href":"https:\/\/ip.ufal.br\/observio\/wp-json\/wp\/v2\/pages\/117\/revisions\/475"}],"wp:attachment":[{"href":"https:\/\/ip.ufal.br\/observio\/wp-json\/wp\/v2\/media?parent=117"}],"curies":[{"name":"wp","href":"https:\/\/api.w.org\/{rel}","templated":true}]}}